*r + 19, -2*u + 10 = 3*u. Suppose -r*p - 9 = -8*p. List the prime factors of 331/p + 4/18.
37
Let l = 10 + -5. Let q be l + -7 - (2 - 2). What are the prime factors of (-174)/(-5) - q/10?
5, 7
Suppose -2*f - 3*m = -521, 1 = -4*f - 4*m + 1049. What are the prime factors of f?
5, 53
Suppose -f = -3*f + 16. Let x(b) = b**2 + 1. Let t be x(-1). Suppose t*o + f*l = 3*l + 23, 2*o - 5 = l. What are the prime factors of o?
2
List the prime factors of (6/(-15))/(1/(-3090)).
2, 3, 103
Let c = 142 - 47. What are the prime factors of c?
5, 19
Let m = 439 - -367. List the prime factors of m.
2, 13, 31
Suppose 3 = 3*b + 2*z - 5, z = -4*b + 9. Suppose 7 = -b*u - 5. What are the prime factors of 63/3 - (-3 - u)?
2, 3
Let k(n) be the third derivative of 103*n**6/120 - n**4/12 + n**3/2 - 33*n**2. What are the prime factors of k(1)?
2, 13
Let g = 298 - -297. What are the prime factors of g?
5, 7, 17
Let l be -3 + 21/9 - 46/(-6). What are the prime factors of (-109)/2*(-9 + l)?
109
Let z(m) = -2*m + 8. Let d be z(6). Let a(p) be the third derivative of p**5/15 + p**4/12 - 5*p**3/6 + 14*p**2. What are the prime factors of a(d)?
3, 17
List the prime factors of -8*(-298)/4 + 0.
2, 149
What are the prime factors of ((-19)/95 + 99/(-30))*-88?
2, 7, 11
Let y(h) = -h**2 + 31*h - 16. Let a be y(14). Suppose 3*u - a = 75. What are the prime factors of u?
3, 11
Let y(s) = 54*s**2 - 31*s + 9. List the prime factors of y(9).
2, 3, 19
Suppose -r = -2*r - 2*c + 384, -5*r + c + 1876 = 0. List the prime factors of (2/(-4)*-3)/(6/r).
2, 47
Let j(a) = 21*a - 230. Let k be j(11). Let x be (-1 + (-1)/(-2))*0. What are the prime factors of x - (-110)/(1 + k)?
5, 11
Let w(b) = -4*b**3 - 19*b**2 - 35*b + 20. Let j(y) = 3*y**3 + 19*y**2 + 34*y - 20. Let g(o) = 3*j(o) + 2*w(o). List the prime factors of g(-17).
2, 7
What are the prime factors of 393 - (5 + (-28)/(-7))?
2, 3
Suppose 941 = 3*h + 2*a, a + 6 = 1. List the prime factors of h.
317
Let i = 639 + -605. List the prime factors of i.
2, 17
Let a(q) = 4*q**2 + 3*q + 7. Let f be a(-6). Suppose -6*h + 170 = -h + 5*s, -4*h - 5*s + f = 0. What are the prime factors of h?
37
Suppose 4*z + 6 = -4*x - 2, -z - 1 = 0. Let w be x - (72/(-2) + -3). Let l = w - 21. List the prime factors of l.
17
Let d(b) = 22*b**2 - 2*b - 9. Let w be d(-9). Let q be (-2)/6 + w/27. List the prime factors of 10/30*(q - 0).
2, 11
Suppose -4*c = 2*t + 16, -5*c + c + 3*t - 36 = 0. What are the prime factors of c/4*20/(-6)?
5
Let w be 122/(9/((-45)/(-10))). Suppose 8 = 3*b - w. What are the prime factors of b?
23
Let j(y) = 7*y**2 + 22*y - 14. Let x(r) = -r**2 - r + 1. Suppose 0 = -3*m - 0 - 3. Let a(t) = m*j(t) - 6*x(t). List the prime factors of a(-12).
2, 7
What are the prime factors of 42692/(8 - -5) - -12?
2, 103
Suppose -22*w + 18*w + 16 = 0, -3*i - 2*w + 38 = 0. What are the prime factors of i?
2, 5
Let c be 484/6 + (-4)/6. Let x(y) = y**3 - 29*y**2 + 79*y - 19. Let s be x(26). Suppose 9*u - c = s*u. What are the prime factors of u?
2, 5
Let s(h) = 10*h + 3. Let q be s(17). Let g = -79 + q. What are the prime factors of g?
2, 47
Suppose -54*z + 12495 = -38535. What are the prime factors of z?
3, 5, 7
Let q(t) be the second derivative of -t**5/20 - t**4/3 + t**3/2 + 3*t**2 - 12*t. What are the prime factors of q(-6)?
2, 3, 5
Let c be (-4)/(-22) + (-576)/(-99). Let v be (c/(-3) - 1) + 233. Suppose 6*g = 10 + v. List the prime factors of g.
2, 5
List the prime factors of (-408)/680 + ((-15246)/(-10) - -1).
5, 61
Suppose 1588 = 8*h + 188. List the prime factors of h.
5, 7
Let z(w) = -w**2 - 12*w + 4. What are the prime factors of z(-11)?
3, 5
Let w = 267 + -166. Let b(p) = 11*p - 42. Let x be b(4). Suppose 4*u + 17 = n - 30, 0 = -3*n + x*u + w. What are the prime factors of n?
31
Let r = -35 - -11. What are the prime factors of r*(141/(-12) - -2)?
2, 3, 13
Let b be 2/(-12) + (-57)/(-18). Suppose 4*n = 5*g - 58, -b*g = -n + 5*n + 42. List the prime factors of 23/(3*(-2)/n).
2, 23
Let n(z) = -z**2 - z + 5. Let v be n(4). Let k be (60/50)/(2/v). List the prime factors of 1*-4 - 189/k.
17
Let u(j) = 13*j - j**2 - 11*j**3 - 9 + 12*j**3 - 8*j**2. What are the prime factors of u(8)?
31
Suppose 15*j + 64*j = 51350. What are the prime factors of j?
2, 5, 13
Let s be 72/20 + -4 + (-436)/10. Let h = s + 57. List the prime factors of h.
13
Let p(z) = -6*z**2 + z. Let x be p(-2). Let c be 35/(-14)*(0 + x). Suppose 3*v - 9 = -a + 4, 2*v - c = -5*a. What are the prime factors of a?
13
Let q(s) = -s**2 + 26*s. Let v be q(19). Suppose 3*b - v = -2*l, 2*b - 97 = 4*l + 13. What are the prime factors of b?
47
Let h(x) = x**3 + x**2 - x - 6. Let m(p) = -p**3 + p**2 + p - 1. Let v(f) = -h(f) + 3*m(f). What are the prime factors of v(-2)?
5, 7
Let p be (3 + -5)/(-2) - 19. Let a = -12 - p. List the prime factors of (-225)/a*(-4)/6.
5
Suppose -u - 246 = 4*b - 73, 3*b + 692 = -4*u. Let k = 315 + u. List the prime factors of k.
2, 71
What are the prime factors of (-1 + 15)*(-108)/(-24)?
3, 7
Suppose -o + 2*s = 5*s - 8, 3*o - 5*s = -4. Suppose 0 = 5*i - l - 38, 44 = 5*i - 0*i + o*l. What are the prime factors of i?
2
Suppose a - 2*s = 1181, 0 = 2*a - 5*s + 3*s - 2354. List the prime factors of a.
3, 17, 23
Let w be (-6)/9 - 8/(-3). Suppose 2*j - w*c = 44, 2*c = 3*c. Suppose 4*d - j = 2*d. What are the prime factors of d?
11
Suppose -42191 - 13964 = -11*x. What are the prime factors of x?
5, 1021
Let q(j) = -j**3 - 4*j**2 + 3*j + 18. What are the prime factors of q(-8)?
2, 5
Suppose -8*m - 4*o + 688 = -4*m, 4*m = 5*o + 670. What are the prime factors of m?
2, 5, 17
Suppose 3*r + 3*y = y - 6, 2*r = 5*y - 4. Let u = r - -37. List the prime factors of u.
5, 7
Suppose -836 = 10*c - 4296. Let m = c - 179. List the prime factors of m.
167
Let w(p) = 11*p + 14. Let h be w(-2). Let a(f) = -f**3 - 6*f**2 + 6*f - 12. What are the prime factors of a(h)?
2, 17
Suppose -194 = -t - 5*n - 28, -304 = -2*t + 4*n. List the prime factors of t.
2, 3, 13
Let q(r) = 65*r + 91. What are the prime factors of q(10)?
3, 13, 19
Suppose 7*z = 2529 - 289. Suppose 0 = 2*a - 7*a + z. List the prime factors of a.
2
Let u(v) = -v**2 + 8*v - 1. Let d be u(6). Suppose -a = -d - 12. List the prime factors of a.
23
Suppose -g = -3*g + 2*d - 10, 2*g + 15 = 3*d. Suppose -5*i + g = -10. Suppose i*c + 0*c = 18. What are the prime factors of c?
3
Suppose 0 = -14*w + 26*w - 36. Suppose 509 = w*l + 20. List the prime factors of l.
163
Let i be (-5)/15 - (1454/(-6) + -2). Suppose -4*x + 188 = -i. List the prime factors of x.
2, 3
Suppose -32 = -4*f + 48. Let r = f - -27. List the prime factors of r.
47
Let x(n) = -n**3 + 5*n**2 + 2. Let w be x(5). Let r be (w/(-3))/(2/36). List the prime factors of 18/r*(-24)/2.
2, 3
Let z be -8 + 6 - ((-1 - -4) + 92). Let v = z - -101. List the prime factors of v.
2
What are the prime factors of 1/(-5) + 175931/205?
2, 3, 11, 13
Let s(l) = -l**3 - l**2 + 8*l - 9. Let i = 20 + -25. List the prime factors of s(i).
3, 17
What are the prime factors of -3*1655/45*-9?
3, 331
Suppose 32 = 3*p + 4*n - 6, -5*p + 48 = -n. Let f be 5/p*(-1 - -1). List the prime factors of -2 + 58 - (f - 2).
2, 29
Suppose 0 = 4*a + 4*q - 7*q - 15, 2*a - 5 = q. Suppose -5*g - 4*z = -5, -g - z + a*z = 0. Suppose 9*v = g*v + 176. List the prime factors of v.
2, 11
What are the prime factors of -8 + 129*93/9?
5, 53
Let b(l) = 33*l**2 - 17*l - 50. What are the prime factors of b(-6)?
2, 5, 31
Let m be ((-12)/18)/(2/(-3)). Let g be 24/(-12)*m/(-2). Let c = g - -11. What are the prime factors of c?
2, 3
Let m be 42/12 - (-6)/(-4). Suppose -l + 9 = -4*l, -3*k - m*l = -9. List the prime factors of k.
5
Let i(v) = -v**2 + 43*v - 3. What are the prime factors of i(37)?
3, 73
Suppose 0 = 10*i - 7*i - 3*p - 2685, 3*i = p + 2675. List the prime factors of i.
2, 5, 89
Let p(q) = 211*q**2 - 3*q - 14. List the prime factors of p(3).
2, 7, 67
Suppose -4*j = -16, -4*k + 6*j = 2*j - 4004. What are the prime factors of k?
3, 5, 67
Suppose 0 = 2*x - 2 + 20. Let s = x + 36. List the prime factors of s.
3
Let i be (-14)/(-6) + 4/(-12). Suppose -3*z - 4*x = x - 88, i*x = -8. List the prime factors of z.
2, 3
Suppose 11*z = 9*z + 18. List the prime factors of (-2)/(-1) + z + 12 + -5.
2, 3
Suppose 9*d + 23137 = 26*d. List the prime factors of d.
1361
